x) be the third derivative of -x**6/120 - x**5/15 + x**4/6 + x**2. Let u = -3 - 2. What is the units digit of s(u)?
5
Let c(t) be the third derivative of t**6/120 + t**5/60 + 2*t**3/3 + 3*t**2. Let o be c(0). Let k(s) = s. What is the units digit of k(o)?
4
What is the units digit of -1*(-3)/(-2)*-26?
9
Let o(f) be the first derivative of -f**4/4 + 8*f**3/3 + 6*f**2 + 2*f + 6. What is the units digit of o(9)?
9
Let h be (-1 - 4) + 2 + 5. Suppose -i + 51 = h*i. Suppose -2*s = -l + 2*l - i, s + 3*l + 4 = 0. What is the tens digit of s?
1
Suppose -3*v + 5*v - 5*j - 40 = 0, -56 = -4*v - 2*j. Let w = 2 + v. What is the tens digit of w?
1
Let h(x) = -3*x**3 - x**2 + x + 1. Let n be h(-1). Suppose -c + 2 = -n*k + 3*k, 2*c = -5*k + 4. Suppose -6 = -3*m - k*m. What is the units digit of m?
2
Let s(z) = z + 16. What is the units digit of s(-7)?
9
Let x(z) = -z - 2. Let f be x(-6). Suppose f = a + 10. Let p = 10 + a. What is the units digit of p?
4
Suppose 0 = 2*d - 3 - 13. Suppose d = c + 1. What is the units digit of c?
7
What is the units digit of (-7 + 3)/(-4) + 48?
9
Let j be ((-1)/(-3))/((-1)/(-267)). What is the units digit of (-1)/4 + j/4?
2
Suppose 39 = l + 3*a, 3*a = l - 10 - 17. Let p be (-164)/(-14) + 2/7. Suppose 5*x - p = l. What is the units digit of x?
9
Suppose 2*t = 1 - 3. Let l be 0/1 + 15/t. Let k = l + 23. What is the units digit of k?
8
What is the tens digit of 231 + -14 + (6 - 2)?
2
Let m be 77 + 1 + (-6)/3. Suppose -3*z - z + m = 0. What is the tens digit of z?
1
Suppose 0 = 12*o - 9*o - 90. What is the tens digit of o?
3
Let b be (-1*(-1 + 2))/1. Let j be -2 - -6 - 1 - 0. What is the units digit of (j + b)/(3 - 2)?
2
Let l(u) = -3*u - 7. Suppose 8 = -2*x - 2. What is the units digit of l(x)?
8
Let b be ((-6)/3 + -2)/1. What is the units digit of b/12 - (-25)/3?
8
Suppose 0 = -3*n - 4*s + 112, -2*n - 3*s = -4 - 69. What is the units digit of n?
4
Let p(a) = -a**2 + 3. Let r be p(3). Let f = 10 + r. Let y = 5 - f. What is the units digit of y?
1
Let d(y) = -4*y - 4. Let g be d(-3). Let s be (-3)/4 - (-14)/g. What is the units digit of s + (0 - (-3 - -2))?
2
Suppose 0 = b - 5 + 3. Suppose -32 + 0 = -b*t. What is the tens digit of t?
1
Suppose -56 = -2*j - 5*m, 2*m - 23 = 3*j - 88. What is the units digit of j?
3
Let m(s) = -3*s**3 - 3*s**2 + 7*s + 6. Let p(d) = -2*d. Let a be p(3). Let t be m(a). What is the units digit of t/35 + (-4)/10?
4
Let i = -562 - -817. What is the tens digit of i?
5
Let j(d) = d**3 - 10*d**2 - 10*d - 24. What is the units digit of j(12)?
4
Suppose 5*s - 22 = -2. What is the tens digit of (-2)/s*(3 - 65)?
3
Let b be 4/2*(-3)/(-3). Suppose -4*v + b = -5*v. Let p = v + 6. What is the units digit of p?
4
Suppose 7*z - 4 = 5*z. Suppose z + 5 = t. What is the units digit of t?
7
What is the tens digit of (-5)/40*4*46/(-1)?
2
Suppose 5*d - 2 = 4*d. What is the units digit of d*1/(-2)*-11?
1
Let f(b) = b - 2. Let j be f(4). Suppose -3*s - 136 = -5*s. Suppose 0 = -6*x + j*x + s. What is the units digit of x?
7
Let x(k) = -3*k + 15. What is the tens digit of x(-5)?
3
Let y = -6 + 67. What is the tens digit of y?
6
Suppose 4*b - u = 9, 2*b + 0*u = 5*u + 9. Suppose -3*t - 121 = -5*o, -b*t + 82 = 4*o - 28. What is the tens digit of o?
2
Let b be (-4)/(-3) + (-4)/(-6). Suppose 2*t = 9 - 19. What is the units digit of 27*(t/3 + b)?
9
Let k be (12/42)/(1/7). Suppose -3*l + 90 = k*l. What is the tens digit of l?
1
Let k = -30 - -63. What is the tens digit of k?
3
Let d(g) = 13*g**2 + 3*g - 2. Let n be d(2). Suppose 6*y = 4*y + n. What is the tens digit of y?
2
Let t = 6 + -2. Suppose -2*r - t*d + 10 = 0, r + 4*d = 6*r - 81. What is the units digit of r?
3
Suppose -100 + 28 = -2*y - 2*w, -4*w = -5*y + 153. Suppose 76 = n + y. What is the tens digit of n?
4
Let v = -9 - -10. Suppose -a + 5 = -z - v, a - 1 = 2*z. What is the units digit of a?
1
Let r = 3 + -3. Suppose 2*v + 0*v - 8 = r. What is the units digit of (-18)/(-3)*2/v?
3
Let j = 215 - 154. Let g = -6 + j. Suppose -g = -3*h - 2*h. What is the units digit of h?
1
Let z(b) = 0*b**3 - b**3 + 3*b**2 - 4*b**2 + 1. Let c be z(1). What is the tens digit of (c/(-1))/((-2)/(-22))?
1
Suppose -3*j - 35 = -83. What is the tens digit of j?
1
Suppose 4*f - 4 = -16. Let r be 29/5 - f/15. What is the units digit of 45/r + 2/4?
8
Suppose 4*v + 3*k + 63 = 271, 3*v - 156 = -3*k. Suppose 5*u = -7*a + 3*a + v, 4*a - 36 = -3*u. What is the units digit of u?
8
Suppose 0 = 5*d - 202 - 53. What is the tens digit of d?
5
Let x = 3 - -2. Suppose -w = 4*r - r - 15, 31 = 3*w - x*r. What is the units digit of w?
2
Suppose t - 3*q = -q + 127, 3*t - 5*q - 376 = 0. What is the tens digit of t?
1
Suppose -3*x = -6*x. Suppose x*a - 2*a + 14 = 5*f, -50 = -5*a - 5*f. What is the units digit of a?
2
Suppose -4*q = f - 6*f - 388, -3*q + 3*f = -288. What is the units digit of q?
2
Suppose -2*d - 6*k + 3*k = -56, -d - 5*k + 28 = 0. Suppose 3*i + 0*f - d = -f, 0 = i - f - 12. What is the tens digit of i?
1
Suppose -2*s + 20 = 2*s. Suppose -4*q + o + 89 = 0, s*o = 2*q - 47 - 2. What is the tens digit of q?
2
Suppose -k = 5*l + 65, -4*k - 143 = -4*l - 3. What is the tens digit of (5/4)/((-5)/k)?
1
Let c(v) = v**3 - 3*v**2 - 2*v - 1. Let r be c(4). Suppose -6*y = -r*y + 29. What is the tens digit of y?
2
Suppose 0 = 2*s + s - 12. Let i = -21 + s. Let f = i - -28. What is the tens digit of f?
1
Let v(s) = s**3 - 11*s**2 + 10. Let u be v(11). Let f = 22 - u. What is the tens digit of f?
1
What is the units digit of (-208)/(-15) - 28/(-210)?
4
Let a(u) = -7*u. What is the tens digit of a(-8)?
5
Suppose -i = -5*i + 596. What is the hundreds digit of i?
1
Let x = -67 - -95. Let s(w) = w**2 - 5*w - 6. Let o be s(6). Suppose -2*n + 4*t + x = o, -4*n + t = -23 + 2. What is the units digit of n?
4
Let k(y) = y**3 - 10*y**2 + y + 9. Let s be k(10). Suppose -x - j = -7, -6*x + 3*j = -4*x - s. What is the units digit of x?
8
Suppose 121 = 4*g - 5*u, -4*u + 98 = 5*g - 84. Suppose 2*c - g = 6. What is the tens digit of c?
2
Let s be -2 + -2 + 220/5. Suppose 0 = 5*r - 3*y - s, 4*r - 4*y = 26 + 14. What is the units digit of r?
5
What is the tens digit of 663/12 - (75/(-20) + 4)?
5
Let c = -1 + 0. What is the units digit of 6*(34/(-6))/c?
4
Let n = -116 - -150. What is the tens digit of n?
3
Suppose -4 = 4*n, -4*v = -3*n - 287 + 44. What is the units digit of v?
0
Let u(a) = a**3 + 5*a**2 - a - 1. Let f be u(-5). Let g = f - 0. Suppose -g*k - 3*v + 33 = 0, -2*v = 4*k - 26 - 8. What is the units digit of k?
9
Let i(s) = s**3 + 7*s**2 - 13*s + 13. What is the units digit of i(-8)?
3
Suppose -416 = 6*v - 2*v. Let p = -65 - v. What is the tens digit of p?
3
Let g = 71 - 35. Suppose 4*c - 2*y - g = 2*y, 2*y - 22 = -2*c. What is the units digit of c?
0
Let m(v) = v**3 - 7*v**2 + 9*v - 4. What is the units digit of m(7)?
9
Suppose 0*v = v - 59. What is the units digit of v?
9
Let u(m) = 3*m**3 + 2*m**2 - 1. Let w be u(1). Suppose -w = -7*s + 3*s. Let l = s - -7. What is the units digit of l?
8
Let c be (-3)/4 - 234/(-24). Let y = c + 10. What is the tens digit of y?
1
Let n(s) = 3*s + 2. Let t be n(5). Let a = 4 + 0. Suppose l - t = -m, a*m - l = -m + 67. What is the tens digit of m?
1
Let j(s) = 2*s**3 - s**2 - s + 2. What is the units digit of j(3)?
4
Let y(n) = -n**3 + 4. Let q be y(-3). Suppose -2*w - 260 = -7*w. Let u = w - q. What is the units digit of u?
1
Suppose 3*r = -i + 2, 5*r - 2 = 4*i + 7. Let k(h) = h**3 + 8*h**2 + 6*h - 6. Let q be k(-7). What is the units digit of q*((-6)/i - -2)?
8
Let z(f) = -f**3 + 9*f**2 + 9. Suppose -45 = -l - 4*l. Let r be z(l). What is the units digit of r + (-3 + 4 - 2)?
8
What is the tens digit of (-1)/(-4)*2*70?
3
Let w(s) = s**2 + 7*s + 2. What is the units digit of w(-10)?
2
Let t = 37 + -22. What is the units digit of t/(-6)*12/(-5)?
6
Let p(n) = -n**2 - 12*n + 4. What is the units digit of p(-12)?
4
Suppose -q = 3*q - 64. Suppose 0*x = 4*x + q. What is the units digit of (-6)/(-1) + x/2?
4
Let b(h) = 2*h**2 + 5*h - 93. What is the tens digit of b(-15)?
8
What is the tens digit of 1089/22 + 1/(-2)?
4
Let z(k) = k**2 + 3. Let o be 3/12 + (-11)/(-4). What is the tens digit of z(o)?
1
Let w = 7 + -2. Suppose 0 = w*k - q - q - 1, 2*k + q = 4. What is the tens digit of (-2*1)/(k/(-8))?
1